 prime factors of o.
11
Let u(r) = 30*r. Let y be u(1). Suppose -5*b + 155 = y. What are the prime factors of b?
5
What are the prime factors of ((-1085)/(-28))/((-2)/(-8))?
5, 31
Let s(b) be the second derivative of -b**4/12 + 7*b**3/6 + 5*b**2/2 + 3*b. List the prime factors of s(6).
11
Let k = -296 - -424. List the prime factors of k.
2
Suppose 0 = -17*t + 8*t + 117. List the prime factors of t.
13
Suppose 3*t - 54 = 2*t. Suppose i + 2*i = t. List the prime factors of i.
2, 3
Let x(n) = n + 7. Let v be x(-4). Let g(w) = -w - 1. Let o be g(-3). Suppose r - 29 = -3*k, -o*k - 31 = -v*r + 3*k. What are the prime factors of r?
17
Suppose 3*s + 2 = -4*i, -2*i + 7*i = -5*s. Let t = s - -7. List the prime factors of t.
3
Suppose 4*r - 2340 = -14*r. What are the prime factors of r?
2, 5, 13
Let a = 3 + -1. Let i(y) = -3*y + 3*y + 4 + a*y. List the prime factors of i(3).
2, 5
Let m be ((-60)/(-8))/(2/(-20)). List the prime factors of 12/15*m/(-6).
2, 5
Suppose -4*h - 4 = -5*h. Suppose 2*p - 6*p = u + 10, -h*u = -2*p + 22. List the prime factors of (-3)/u*-2*-11.
11
Let f(z) = 24*z - 1. List the prime factors of f(1).
23
Suppose 0 = 3*c + 5*s - 98, 4*s = -4*c - c + 146. What are the prime factors of c?
2, 13
Let t(s) = s + 4. Let w be t(-3). Let d(b) = 24*b + 1. What are the prime factors of d(w)?
5
Let l(f) = f**2 + 8*f - 2. Let h be l(-7). Let u be 4/6*h/(-2). Suppose -3*d - 3*g = -42, 59 = u*d - 2*g + 17. What are the prime factors of d?
2, 7
Suppose -881 = -7*w + 491. List the prime factors of w.
2, 7
Let j be -2*20/(-8)*4. Let s = 6 + j. What are the prime factors of s?
2, 13
Let f = -22 + 32. Suppose -13*z + 162 = -f*z. What are the prime factors of z?
2, 3
Let d be (25/1)/1 - 0. Suppose -3*m = -5*c + 53, -m = 2*c - 6*m - d. Let u = 20 - c. What are the prime factors of u?
2, 5
Let q = -161 - -227. What are the prime factors of q?
2, 3, 11
Let x be 136/14 - (-2)/7. What are the prime factors of x/3*9/5?
2, 3
Let p be (-2 - 12/(-8))*6. Let y(w) = 4*w**2 - 4*w + 1. What are the prime factors of y(p)?
7
Suppose 200 = 5*v - 0*v. What are the prime factors of v?
2, 5
Let t(s) = s**2 - 3*s - 6. Suppose -v = 4*v - 25. Let q be t(v). Suppose -5*u - d + 56 = -5*d, -q*u = -4*d - 48. What are the prime factors of u?
2
Let q be (4 - 2/2) + -3. Let c(z) = z + 3. Let o be c(6). Let s = o - q. What are the prime factors of s?
3
Let u be (0 - 3)/(-1) + -1. Let l be 1 + 9 + (-4)/u. Suppose 4*j = 9*j + 5*p - 40, -l = -3*j + 5*p. List the prime factors of j.
2, 3
Let m(t) = 51*t**3 - 2*t**2 + 5*t - 2. What are the prime factors of m(1)?
2, 13
What are the prime factors of (35/(-4))/((-2)/8)?
5, 7
Let h be 2 + -1 + 0/(-2). Suppose -j = h + 1. List the prime factors of j/8 - 90/(-8).
11
Let a be (2/(-3))/(2/6). Let w be (80/25)/(a/(-10)). Suppose -b - b = -w. What are the prime factors of b?
2
What are the prime factors of -31*(0 + 3 + -4)?
31
Suppose 0 = 4*a + a - 195. Suppose 0 = -0*h - 3*h + a. List the prime factors of h.
13
Suppose 4*o + o - 25 = 0, -4*k - 3*o = -43. Suppose k = 2*b - 3. List the prime factors of b.
5
Let k = 13 + 32. What are the prime factors of k?
3, 5
Let h(i) = -10*i - 21. What are the prime factors of h(-15)?
3, 43
Suppose -95 = -q - 4. Let m = q + -55. What are the prime factors of m?
2, 3
Let w(s) = s**2 + 5*s + 4. Let x be w(-4). Suppose -n = n - 4*b, -n + b - 4 = x. List the prime factors of (3/(-2))/(6/n).
2
Let s be (-48)/(-20)*(-20)/(-6). Let a be s/12 + 1/3. Let f = a + 2. What are the prime factors of f?
3
Suppose b - 430 = -4*b. List the prime factors of b.
2, 43
Let r = -48 - -29. Let a = r - -35. What are the prime factors of a?
2
Suppose 0*w = -w + 3. Suppose o - 2*o + 5*j = 8, 4*o - w*j - 2 = 0. Suppose -4*f + 2*a = -80, 1 = o*f - 5*a - 55. What are the prime factors of f?
2, 3
Let r = 7 - 15. List the prime factors of (-1)/r + (-199)/(-8).
5
Suppose -35*v = -34*v - 239. List the prime factors of v.
239
Let z(k) = 5*k**3 + 2*k**2 - k. List the prime factors of z(2).
2, 23
Let a(t) = -t**3 - t. Let v be a(0). Let m = v + 5. What are the prime factors of m?
5
Suppose -10*r = -9*r - 107. What are the prime factors of r?
107
Suppose i = 5*q - 25, 5*i + 14 + 11 = 5*q. List the prime factors of q.
5
Suppose 2*z + 82 = -5*g, -4*g + 5*g + 17 = -z. What are the prime factors of -12*14*4/g?
2, 3, 7
Let m(w) = 190*w - 3. What are the prime factors of m(1)?
11, 17
Suppose -4*a + 3 = -5*f - 3, 0 = f - a + 2. Suppose -3*m = 4*r - 124, -3*r - f*r + 160 = 5*m. List the prime factors of r.
2, 7
Let b be 12/(-5) - (-12)/30. List the prime factors of 52/((b - -4) + 0).
2, 13
Let o be (-16)/12*18/4. Let h be 4/o + (-14)/(-3). Suppose -h*s + 0*s = -24. What are the prime factors of s?
2, 3
Let t be (0*(-1)/(-2))/(-2). Let v be (2 + t + -1)*-3. List the prime factors of (2/4)/(v/(-12)).
2
Suppose -k + 11 = -8. What are the prime factors of k?
19
Let m be (-4)/(-10) - 64/10. What are the prime factors of ((-78)/9)/(m/9)?
13
Suppose b = -3*o + 173 - 41, 5*b - 570 = 3*o. List the prime factors of b.
3, 13
Let t(p) be the third derivative of 5*p**4/24 + 2*p**3/3 - p**2. Let q(h) = -h - 1. Let k(w) = -4*q(w) - t(w). List the prime factors of k(-6).
2, 3
Suppose 0 = -2*c + 2*f + 16, c + f + 7 = -3*f. Suppose -z = -5, -3*t - 106 = -c*t - 4*z. List the prime factors of t.
43
Let i(b) = 2*b - 2. Let a be i(1). Let t = -3 + 5. Suppose -n - t + 20 = a. List the prime factors of n.
2, 3
Let a(m) = 1 - 4*m - 10*m**2 + 2*m + 22*m**2. What are the prime factors of a(1)?
11
Suppose -4*q + 26 = -2*q. What are the prime factors of q?
13
Let x(b) = b - 2. Let k be x(0). Suppose 16 = 5*m + r - 14, 0 = -5*m + r + 30. Let z = m - k. List the prime factors of z.
2
Suppose -4*c + 86 = 5*s - 35, 0 = -c - 3*s + 39. What are the prime factors of c?
2, 3
Let a = -1 + 41. Suppose 0*d + a = 5*d. What are the prime factors of d?
2
Suppose 0*z - 4*z + 12 = 0. List the prime factors of z.
3
Let f(v) = 51*v - 3. List the prime factors of f(1).
2, 3
Let z = -104 + 74. Let d be (-3)/(-12) - z/8. Suppose -32 = -d*l - 4. List the prime factors of l.
7
Suppose 0*w + 118 = 4*w - 5*s, -4*w + 130 = s. List the prime factors of w.
2
Let i(p) = -p - 7. Suppose 18 = -0*j - 2*j. Let y be i(j). What are the prime factors of (2/(-3))/(y/(-24))?
2
Let j = -65 - -91. List the prime factors of j.
2, 13
Let f(i) = -4*i + 14. List the prime factors of f(-7).
2, 3, 7
Let l = 7 + -3. Suppose -l*y = 4*i - 92, -y + 74 = 3*i + 3*y. Suppose -i = r - 3*r. What are the prime factors of r?
3
What are the prime factors of ((-21)/14)/((-3)/98)?
7
Suppose -d + 3*o = 9, 0 = 2*o - o - 5. List the prime factors of (-2)/d + (-275)/(-33).
2
Let f = -23 + 49. List the prime factors of f.
2, 13
Let p be (-5)/25 - (-12)/10. Let o be -1 + (-2 - (-1 - p)). List the prime factors of (-10 - -9)/(o/19).
19
Let b(h) = -h**3 - 3*h**2 + 4*h + 3. Let m be b(-4). Suppose -m*x + 2*x = -6. What are the prime factors of x?
2, 3
Let h(i) = -3*i + 3. List the prime factors of h(-7).
2, 3
Let g(u) be the first derivative of -u**4/4 + 4*u**3/3 + 7*u**2/2 - 7*u - 4. What are the prime factors of g(5)?
3
Suppose 0 = -2*k + 9*k + 49. Let u = 23 - k. What are the prime factors of u?
2, 3, 5
Let o(t) = -t**3 + 1. Let q(f) = -4*f**3 - 3*f**2 + 9. Let y(c) = -5*o(c) + q(c). Let b(j) = 2*j**2 - 4*j + 3. Let l be b(2). List the prime factors of y(l).
2
Suppose 0 = 4*c + x - 151, -5*c = -0*x - 4*x - 173. List the prime factors of c.
37
Let f = 119 + -45. Suppose -2*u + 5*a + f = 2*u, 3*u - 67 = -2*a. List the prime factors of u.
3, 7
Let j = -1 + 1. Suppose j*x - 2*g + 65 = 3*x, 0 = 4*x - 2*g - 96. What are the prime factors of x?
23
Let j be (-4)/22 + 268/22. Let g = -6 + j. What are the prime factors of g?
2, 3
Let c be (-1)/((2 - -1)/15). List the prime factors of ((-8)/c)/(1/5).
2
Let d = 75 + -35. List the prime factors of d.
2, 5
Let a = -17 - -22. Suppose -3*p + 3*g + 59 = -67, 116 = 3*p - a*g. What are the prime factors of p?
47
What are the prime factors of (16/10 - 2) + (-786)/(-15)?
2, 13
Let z = 78 - 50. Suppose -z = -2*d + 5*h, -d = 5*h - 20 - 24. What are the prime factors of d?
2, 3
Let k(n) = -n**2 + 7*n + 3. Let j be k(7). Suppose j*i - 9 = -21. Let v = -2 - i. List the prime factors of v.
2
Let i(r) = -2*r + 2. Let o be i